on divisor of 4544375 and 5500.
1375
Calculate the greatest common divisor of 20 and 12795760.
20
Calculate the highest common divisor of 268568 and 1416.
472
Calculate the highest common divisor of 27334 and 12008.
158
Calculate the greatest common divisor of 44022 and 792.
66
What is the greatest common factor of 473 and 50237?
11
What is the highest common factor of 44 and 58069?
11
What is the highest common factor of 196 and 826?
14
Calculate the highest common divisor of 707 and 310272.
101
Calculate the highest common factor of 768 and 15056.
16
Calculate the highest common divisor of 476256 and 272.
16
Calculate the highest common divisor of 11400 and 97660.
380
Calculate the highest common factor of 3550 and 4402.
142
Calculate the highest common factor of 65018 and 1160.
58
What is the highest common divisor of 370 and 22480?
10
What is the greatest common divisor of 80 and 177360?
80
What is the highest common divisor of 624 and 100752?
48
What is the greatest common factor of 114 and 330980?
38
Calculate the highest common divisor of 111810 and 6.
6
What is the greatest common factor of 789096 and 308?
308
What is the highest common factor of 53132 and 334588?
1436
Calculate the greatest common factor of 21359 and 138632.
403
Calculate the highest common divisor of 268 and 244215.
67
Calculate the greatest common factor of 20915 and 213155.
445
What is the greatest common divisor of 8 and 120248?
8
What is the highest common factor of 1274 and 3528?
98
Calculate the greatest common divisor of 11 and 1181.
1
Calculate the greatest common divisor of 1929650 and 150.
50
What is the greatest common factor of 556 and 24881?
139
Calculate the greatest common divisor of 221 and 728246.
17
Calculate the highest common divisor of 10 and 6794630.
10
What is the highest common divisor of 686 and 784?
98
Calculate the highest common factor of 7933713 and 2482.
1241
What is the greatest common factor of 190784 and 22?
22
Calculate the greatest common divisor of 6776 and 28952.
616
Calculate the highest common factor of 148 and 345839.
37
What is the highest common divisor of 6355009 and 37?
37
Calculate the greatest common factor of 6256 and 19504.
368
What is the highest common divisor of 1480 and 500?
20
Calculate the highest common factor of 152 and 4216043.
19
What is the highest common divisor of 564 and 227574?
282
What is the highest common factor of 1381898 and 531?
59
Calculate the highest common divisor of 15548 and 156.
52
What is the greatest common divisor of 5697 and 351?
27
What is the greatest common divisor of 115 and 99751?
23
What is the highest common factor of 27417 and 296?
37
What is the highest common factor of 1234 and 14?
2
Calculate the greatest common divisor of 1824 and 13212.
12
Calculate the greatest common divisor of 111 and 146409.
111
Calculate the greatest common factor of 1437969 and 39.
39
What is the highest common factor of 128 and 62352?
16
Calculate the greatest common divisor of 1755012 and 7.
7
Calculate the highest common factor of 54043 and 11.
11
Calculate the highest common divisor of 1224 and 584.
8
Calculate the greatest common divisor of 851927 and 4835.
967
What is the greatest common factor of 5871 and 71953?
19
Calculate the greatest common factor of 4995 and 1476855.
1665
Calculate the greatest common divisor of 10191 and 12083.
43
Calculate the greatest common factor of 1225 and 89600.
175
Calculate the highest common factor of 56 and 14917.
7
Calculate the greatest common factor of 357 and 331863.
21
What is the highest common divisor of 517 and 22924?
11
What is the greatest common divisor of 1220 and 636352?
244
Calculate the greatest common divisor of 6457 and 429.
11
What is the greatest common divisor of 28 and 58076?
4
What is the greatest common divisor of 54205 and 24235?
185
Calculate the greatest common factor of 173873 and 472.
59
Calculate the highest common divisor of 11 and 1344893.
11
What is the highest common divisor of 60 and 21540?
60
What is the greatest common divisor of 35150 and 6290?
370
Calculate the greatest common factor of 542897 and 94.
47
What is the highest common divisor of 2 and 25133?
1
Calculate the highest common divisor of 6 and 318954.
6
Calculate the greatest common divisor of 468756 and 12.
12
What is the highest common factor of 26871 and 15741?
159
Calculate the greatest common factor of 85235 and 20.
5
What is the highest common factor of 272 and 1379516?
68
What is the greatest common factor of 1114802 and 11326?
1618
Calculate the highest common factor of 87 and 2380929.
87
Calculate the greatest common divisor of 6122 and 22.
2
Calculate the highest common divisor of 6496 and 1904.
112
What is the highest common factor of 140 and 732340?
140
What is the highest common divisor of 4403 and 30562?
259
What is the greatest common factor of 235130 and 28?
14
Calculate the greatest common divisor of 72812 and 20492.
436
What is the highest common factor of 14162 and 11096?
146
What is the highest common divisor of 9958 and 754?
26
Calculate the highest common factor of 89570 and 318.
106
What is the greatest common divisor of 97685 and 1435?
35
Calculate the highest common factor of 1405140 and 120.
60
What is the greatest common divisor of 18062 and 385?
11
What is the greatest common divisor of 396 and 242748?
396
Calculate the greatest common divisor of 65530 and 10.
10
Calculate the greatest common factor of 126528 and 312.
24
What is the greatest common divisor of 15 and 171?
3
Calculate the highest common factor of 26238 and 12.
6
What is the highest common factor of 170164 and 14?
2
What is the greatest common factor of 74 and 291671?
37
What is the greatest common factor of 120 and 11480?
40
Calculate the highest common divisor of 25620 and 4941.
183
Calculate the highest common divisor of 710 and 26767.
71
Calculate the greatest common factor of 117590 and 110.
110
What is the greatest common divisor of 347963 and 539?
77
Calculate the greatest common factor of 3780 and 12.
12
Calculate the greatest common divisor of 1890 and 356790.
210
What is the highest common divisor of 745297 and 34?
17
What is the greatest common factor of 85 and 431885?
85
Calculate the greatest common divisor of 273373 and 1383.
461
What is the highest common divisor of 987 and 184428?
141
What is the highest common factor of 4225 and 1095?
5
What is the highest common divisor of 40981 and 107?
107
Calculate the greatest common factor of 111414 and 42.
6
What is the greatest common divisor of 13020 and 1470?
210
What is the greatest common divisor of 10863 and 8432?
17
What is the greatest common divisor of 3408 and 15549?
213
What is the highest common factor of 116 and 597748?
116
What is the greatest common factor of 29605 and 248?
31
What is the highest common factor of 788909 and 11?
11
What is the highest common divisor of 44 and 108691?
11
Calculate the greatest common divisor of 195 and 185913.
39
Calculate the highest common factor of 9064 and 12875.
103
Calculate the greatest common factor of 3811629 and 69.
69
Calculate the greatest common divisor of 385 and 2843335.
55
What is the highest common divisor of 500 and 316625?
125
Calculate the greatest common divisor of 368 and 27488.
16
What is the highest common factor of 2 and 619?
1
Calculate the greatest common divisor of 665 and 3.
1
Calculate the greatest common factor of 15 and 1810.
5
What is the highest common divisor of 5053 and 1116?
31
What is the highest common factor of 19229 and 603?
67
What is the greatest common divisor of 327936 and 63?
21
Calculate the greatest common divisor of 509758 and 2.
2
What is the greatest common factor of 7 and 3413767?
7
What is the highest common factor of 18694 and 182?
26
What is the greatest common divisor of 1300 and 364?
52
Calculate the greatest common factor of 48 and 2331792.
48
What is the greatest common divisor of 10078 and 10?
2
Calculate the highest common factor of 19 and 1206.
1
Calculate the greatest common factor of 8892 and 131508.
468
Calculate the greatest common divisor of 57456 and 54.
54
Calculate the greatest common factor of 367844 and 76.
4
What is the highest common factor of 5425 and 53800?
25
What is the highest common factor 